{"id":28,"date":"2022-05-30T15:12:36","date_gmt":"2022-05-30T15:12:36","guid":{"rendered":"http:\/\/192.168.72.2\/?page_id=28"},"modified":"2022-05-30T16:52:06","modified_gmt":"2022-05-30T16:52:06","slug":"sobre","status":"publish","type":"page","link":"https:\/\/tentacaodolar.pt\/index.php\/sobre\/","title":{"rendered":"Sobre"},"content":{"rendered":"\n<p style=\"font-size:30px\"><strong>Atividade<\/strong><\/p>\n\n\n\n<p class=\"has-medium-font-size\">A nossa atividade consiste na comercializa\u00e7\u00e3o por grosso e a retalho de artigos de uso domestico, t\u00eaxteis, ilumina\u00e7\u00e3o, eletrodom\u00e9sticos e cal\u00e7ado.<\/p>\n\n\n\n<p><\/p>\n\n\n\n<p style=\"font-size:30px\"><strong>Valores<\/strong><\/p>\n\n\n\n<p class=\"has-medium-font-size\">Os nossos valores descrevem a maneira como nos relacionamos internamente uns com os outros, e externamente com todas as partes interessadas do nosso neg\u00f3cio, nomeadamente clientes, fornecedores, colaboradores e a comunidade em que estamos inseridos.<\/p>\n\n\n\n<p class=\"has-medium-font-size\">A cultura da empresa assenta em 2 valores fundamentais,&nbsp;<strong>CONFIAN\u00c7A E COLABORA\u00c7\u00c3O<\/strong>.<\/p>\n\n\n\n<p class=\"has-medium-font-size\">Desta forma, pretendemos honrar compromissos e agir com total transpar\u00eancia, integridade e compet\u00eancia, criando la\u00e7os de relacionamento e parceria, a todos os n\u00edveis das partes interessadas, de uma forma completamente transparente, aberta, abrangente e com um comportamento \u00e9tico e honesto, dando resposta \u00e0s necessidades, oferecendo produtos e servi\u00e7os, privilegiando uma rela\u00e7\u00e3o direta e personalizada com os nossos clientes.<\/p>\n\n\n\n<p class=\"has-medium-font-size\">Pretendemos de igual forma, promover o trabalho em equipa, a responsabilidade individual, a iniciativa, a confian\u00e7a, o dinamismo, a capacidade de adapta\u00e7\u00e3o, o n\u00edvel de servi\u00e7o e o compromisso com o crescimento rent\u00e1vel e cont\u00ednuo da empresa.<\/p>\n\n\n\n<p class=\"has-medium-font-size\">Privilegiamos e valorizamos parcerias duradouras, contribuindo, assim, para o crescimento dos nossos clientes, e para o desenvolvimento pessoal e social dos nossos colaboradores.<\/p>\n","protected":false},"excerpt":{"rendered":"<p>Atividade A nossa atividade consiste na comercializa\u00e7\u00e3o por grosso e a retalho de artigos de uso domestico, t\u00eaxteis, ilumina\u00e7\u00e3o, eletrodom\u00e9sticos e cal\u00e7ado. Valores Os nossos valores descrevem a maneira como nos relacionamos internamente uns com os outros, e externamente com todas as partes interessadas do nosso neg\u00f3cio, nomeadamente clientes, fornecedores, colaboradores e a comunidade em &hellip;<\/p>\n<p class=\"read-more\"> <a class=\"\" href=\"https:\/\/tentacaodolar.pt\/index.php\/sobre\/\"> <span class=\"screen-reader-text\">Sobre<\/span> Read More &raquo;<\/a><\/p>\n","protected":false},"author":1,"featured_media":0,"parent":0,"menu_order":0,"comment_status":"closed","ping_status":"closed","template":"","meta":{"inline_featured_image":false,"_uag_custom_page_level_css":"","site-sidebar-layout":"default","site-content-layout":"default","ast-global-header-display":"","ast-main-header-display":"","ast-hfb-above-header-display":"","ast-hfb-below-header-display":"","ast-hfb-mobile-header-display":"","site-post-title":"disabled","ast-breadcrumbs-content":"","ast-featured-img":"","footer-sml-layout":"","theme-transparent-header-meta":"","adv-header-id-meta":"","stick-header-meta":"","header-above-stick-meta":"","header-main-stick-meta":"","header-below-stick-meta":"","footnotes":""},"uagb_featured_image_src":{"full":false,"thumbnail":false,"medium":false,"medium_large":false,"large":false,"1536x1536":false,"2048x2048":false},"uagb_author_info":{"display_name":"admin.tentacao","author_link":"https:\/\/tentacaodolar.pt\/index.php\/author\/admin-tentacao\/"},"uagb_comment_info":0,"uagb_excerpt":"Atividade A nossa atividade consiste na comercializa\u00e7\u00e3o por grosso e a retalho de artigos de uso domestico, t\u00eaxteis, ilumina\u00e7\u00e3o, eletrodom\u00e9sticos e cal\u00e7ado. Valores Os nossos valores descrevem a maneira como nos relacionamos internamente uns com os outros, e externamente com todas as partes interessadas do nosso neg\u00f3cio, nomeadamente clientes, fornecedores, colaboradores e a comunidade em&hellip;","_links":{"self":[{"href":"https:\/\/tentacaodolar.pt\/index.php\/wp-json\/wp\/v2\/pages\/28"}],"collection":[{"href":"https:\/\/tentacaodolar.pt\/index.php\/wp-json\/wp\/v2\/pages"}],"about":[{"href":"https:\/\/tentacaodolar.pt\/index.php\/wp-json\/wp\/v2\/types\/page"}],"author":[{"embeddable":true,"href":"https:\/\/tentacaodolar.pt\/index.php\/wp-json\/wp\/v2\/users\/1"}],"replies":[{"embeddable":true,"href":"https:\/\/tentacaodolar.pt\/index.php\/wp-json\/wp\/v2\/comments?post=28"}],"version-history":[{"count":2,"href":"https:\/\/tentacaodolar.pt\/index.php\/wp-json\/wp\/v2\/pages\/28\/revisions"}],"predecessor-version":[{"id":36,"href":"https:\/\/tentacaodolar.pt\/index.php\/wp-json\/wp\/v2\/pages\/28\/revisions\/36"}],"wp:attachment":[{"href":"https:\/\/tentacaodolar.pt\/index.php\/wp-json\/wp\/v2\/media?parent=28"}],"curies":[{"name":"wp","href":"https:\/\/api.w.org\/{rel}","templated":true}]}}